{"id":178,"date":"2020-04-19T12:30:16","date_gmt":"2020-04-19T12:30:16","guid":{"rendered":"http:\/\/blumen-bruns.de\/?page_id=178"},"modified":"2023-02-19T19:40:45","modified_gmt":"2023-02-19T19:40:45","slug":"dekoration","status":"publish","type":"page","link":"https:\/\/blumen-bruns.de\/?page_id=178","title":{"rendered":"Dekoration"},"content":{"rendered":"\n<p>Kreative Ideen sind unsere Spezialit\u00e4t. Ob f\u00fcr Feiern oder ein sch\u00f6n dekoriertes Zuhause, ob drinnen oder drau\u00dfen, bei uns finden Sie immer eine Auswahl an Keramikfiguren, sch\u00f6nen \u00dcbert\u00f6pfen in klein und gro\u00df oder eleganten Vasen. Auch Gartenzwerge findet man zwischen den Koniferen in unserem Gew\u00e4chshaus.<\/p>\n\n\n\n<p>Vielleicht haben Sie ja schon eine Idee wie Sie Ihren Tisch, Ihre Fensterbank oder Ihre Terasse dekorieren wollen, dann schauen Sie vorbei und lassen sich beraten.<\/p>\n\n\n\n<p>Zum St\u00f6bern werfen Sie am Besten einen Blick in unseren Dekorationsschrank, der passend zur Saison immer wieder neu gestaltet wird.<\/p>\n\n\n\n<figure class=\"wp-block-image size-large\"><img loading=\"lazy\" decoding=\"async\" width=\"683\" height=\"1024\" src=\"https:\/\/blumen-bruns.de\/wp-content\/uploads\/2020\/04\/IMG_5577-683x1024.jpg\" alt=\"\" class=\"wp-image-161\" srcset=\"https:\/\/blumen-bruns.de\/wp-content\/uploads\/2020\/04\/IMG_5577-683x1024.jpg 683w, https:\/\/blumen-bruns.de\/wp-content\/uploads\/2020\/04\/IMG_5577-200x300.jpg 200w, https:\/\/blumen-bruns.de\/wp-content\/uploads\/2020\/04\/IMG_5577-768x1152.jpg 768w, https:\/\/blumen-bruns.de\/wp-content\/uploads\/2020\/04\/IMG_5577-1024x1536.jpg 1024w, https:\/\/blumen-bruns.de\/wp-content\/uploads\/2020\/04\/IMG_5577-1365x2048.jpg 1365w, https:\/\/blumen-bruns.de\/wp-content\/uploads\/2020\/04\/IMG_5577-scaled.jpg 1707w\" sizes=\"auto, (max-width: 683px) 100vw, 683px\" \/><\/figure>\n","protected":false},"excerpt":{"rendered":"<p>Kreative Ideen sind unsere Spezialit\u00e4t. Ob f\u00fcr Feiern oder ein sch\u00f6n dekoriertes Zuhause, ob drinnen oder drau\u00dfen, bei uns finden Sie immer eine Auswahl an Keramikfiguren, sch\u00f6nen \u00dcbert\u00f6pfen in klein<\/p>\n<p>\n                <span class=\"glyphicon glyphicon-arrow-right\"><a title=\"Continue reading\" href=\"https:\/\/blumen-bruns.de\/?page_id=178\">Continue reading<\/a><\/span><\/p>\n","protected":false},"author":1,"featured_media":0,"parent":0,"menu_order":0,"comment_status":"closed","ping_status":"closed","template":"","meta":{"footnotes":""},"class_list":["post-178","page","type-page","status-publish","hentry"],"_links":{"self":[{"href":"https:\/\/blumen-bruns.de\/index.php?rest_route=\/wp\/v2\/pages\/178","targetHints":{"allow":["GET"]}}],"collection":[{"href":"https:\/\/blumen-bruns.de\/index.php?rest_route=\/wp\/v2\/pages"}],"about":[{"href":"https:\/\/blumen-bruns.de\/index.php?rest_route=\/wp\/v2\/types\/page"}],"author":[{"embeddable":true,"href":"https:\/\/blumen-bruns.de\/index.php?rest_route=\/wp\/v2\/users\/1"}],"replies":[{"embeddable":true,"href":"https:\/\/blumen-bruns.de\/index.php?rest_route=%2Fwp%2Fv2%2Fcomments&post=178"}],"version-history":[{"count":1,"href":"https:\/\/blumen-bruns.de\/index.php?rest_route=\/wp\/v2\/pages\/178\/revisions"}],"predecessor-version":[{"id":180,"href":"https:\/\/blumen-bruns.de\/index.php?rest_route=\/wp\/v2\/pages\/178\/revisions\/180"}],"wp:attachment":[{"href":"https:\/\/blumen-bruns.de\/index.php?rest_route=%2Fwp%2Fv2%2Fmedia&parent=178"}],"curies":[{"name":"wp","href":"https:\/\/api.w.org\/{rel}","templated":true}]}}