{"id":71,"date":"2020-04-18T19:50:25","date_gmt":"2020-04-18T19:50:25","guid":{"rendered":"http:\/\/blumen-bruns.de\/?page_id=71"},"modified":"2020-04-19T10:07:38","modified_gmt":"2020-04-19T10:07:38","slug":"wir-ueber-uns","status":"publish","type":"page","link":"https:\/\/blumen-bruns.de\/?page_id=71","title":{"rendered":"Wir \u00fcber uns"},"content":{"rendered":"\n<p>Willkommen bei Familie Bruns und unserem Familienunternehmen. In der dritten Generation f\u00fchren wir nun schon diesen Betrieb in Hohenrode. Sicher haben Sie unser Ladenlokal schon gesehen, wenn Sie die Hauptstra\u00dfe entlanggefahren sind.<\/p>\n\n\n\n<p>Hier finden Sie in unserem Laden und dem gro\u00dfen Gew\u00e4chshaus immer eine gro\u00dfe Auswahl an Schnittblumen, Topfpflanzen, Keramik, Trockengestecke und saisonale Produkte wie Beet- und Balkonpflanzen, Salat- und Gem\u00fcsepflanzen. Au\u00dferdem bieten wir alles f\u00fcr Ihre Feiern an.&nbsp;<\/p>\n\n\n\n<p>Der Betrieb wird von Heidrun und Karl-Heinz Bruns geleitet. Unterst\u00fctzt werden wir durch unsere Tochter Tanja sowie weitere Teilzeitkr\u00e4fte.&nbsp;<\/p>\n\n\n\n<figure class=\"wp-block-image size-large\"><img loading=\"lazy\" decoding=\"async\" width=\"1024\" height=\"768\" src=\"https:\/\/blumen-bruns.de\/wp-content\/uploads\/2020\/04\/100_0016-1024x768.jpg\" alt=\"\" class=\"wp-image-105\" srcset=\"https:\/\/blumen-bruns.de\/wp-content\/uploads\/2020\/04\/100_0016-1024x768.jpg 1024w, https:\/\/blumen-bruns.de\/wp-content\/uploads\/2020\/04\/100_0016-300x225.jpg 300w, https:\/\/blumen-bruns.de\/wp-content\/uploads\/2020\/04\/100_0016-768x576.jpg 768w, https:\/\/blumen-bruns.de\/wp-content\/uploads\/2020\/04\/100_0016-1536x1152.jpg 1536w, https:\/\/blumen-bruns.de\/wp-content\/uploads\/2020\/04\/100_0016-2048x1536.jpg 2048w\" sizes=\"auto, (max-width: 1024px) 100vw, 1024px\" \/><\/figure>\n","protected":false},"excerpt":{"rendered":"<p>Willkommen bei Familie Bruns und unserem Familienunternehmen. In der dritten Generation f\u00fchren wir nun schon diesen Betrieb in Hohenrode. Sicher haben Sie unser Ladenlokal schon gesehen, wenn Sie die Hauptstra\u00dfe<\/p>\n<p>\n                <span class=\"glyphicon glyphicon-arrow-right\"><a title=\"Continue reading\" href=\"https:\/\/blumen-bruns.de\/?page_id=71\">Continue reading<\/a><\/span><\/p>\n","protected":false},"author":1,"featured_media":0,"parent":0,"menu_order":0,"comment_status":"closed","ping_status":"closed","template":"","meta":{"footnotes":""},"class_list":["post-71","page","type-page","status-publish","hentry"],"_links":{"self":[{"href":"https:\/\/blumen-bruns.de\/index.php?rest_route=\/wp\/v2\/pages\/71","targetHints":{"allow":["GET"]}}],"collection":[{"href":"https:\/\/blumen-bruns.de\/index.php?rest_route=\/wp\/v2\/pages"}],"about":[{"href":"https:\/\/blumen-bruns.de\/index.php?rest_route=\/wp\/v2\/types\/page"}],"author":[{"embeddable":true,"href":"https:\/\/blumen-bruns.de\/index.php?rest_route=\/wp\/v2\/users\/1"}],"replies":[{"embeddable":true,"href":"https:\/\/blumen-bruns.de\/index.php?rest_route=%2Fwp%2Fv2%2Fcomments&post=71"}],"version-history":[{"count":2,"href":"https:\/\/blumen-bruns.de\/index.php?rest_route=\/wp\/v2\/pages\/71\/revisions"}],"predecessor-version":[{"id":120,"href":"https:\/\/blumen-bruns.de\/index.php?rest_route=\/wp\/v2\/pages\/71\/revisions\/120"}],"wp:attachment":[{"href":"https:\/\/blumen-bruns.de\/index.php?rest_route=%2Fwp%2Fv2%2Fmedia&parent=71"}],"curies":[{"name":"wp","href":"https:\/\/api.w.org\/{rel}","templated":true}]}}