{"id":96,"date":"2020-04-18T19:55:52","date_gmt":"2020-04-18T19:55:52","guid":{"rendered":"http:\/\/blumen-bruns.de\/?page_id=96"},"modified":"2020-04-19T10:06:38","modified_gmt":"2020-04-19T10:06:38","slug":"trauerfloristik","status":"publish","type":"page","link":"https:\/\/blumen-bruns.de\/?page_id=96","title":{"rendered":"Trauerfloristik"},"content":{"rendered":"\n<p>In dieser schweren Stunde stehen wir Ihnen durch pers\u00f6nliche Beratung zu Seite. Setzen Sie sich telefonisch mit uns in Kontakt oder besuchen Sie uns im Laden. Unsere langj\u00e4hrige Erfahrung und Zusammenarbeit mit den umliegenden Bestattungsunternehmen und Kirchen erm\u00f6glicht es uns, Sie gezielt zu beraten.<\/p>\n\n\n\n<p>Wir nehmen Ihnen die Arbeit ab und gestalten Sarg- und Urnengestecke, Sargschmuck, Trauerkr\u00e4nze und -gestecke sowie Kapellen- und Kirchenschmuck und drucken Ihre ganz pers\u00f6nliche Trauerschleife.<\/p>\n\n\n\n<p>Wenn Sie w\u00fcnschen, liefern wir Arrangements direkt vor Ort.<\/p>\n\n\n\n<p>Nicht nur zu Totensonntag bieten wir au\u00dferdem geschmackvolle Grabgestecke an.<\/p>\n\n\n\n<figure class=\"wp-block-gallery aligncenter columns-3 is-cropped wp-block-gallery-1 is-layout-flex wp-block-gallery-is-layout-flex\"><ul class=\"blocks-gallery-grid\"><li class=\"blocks-gallery-item\"><figure><img loading=\"lazy\" decoding=\"async\" width=\"1024\" height=\"768\" src=\"https:\/\/blumen-bruns.de\/wp-content\/uploads\/2020\/04\/IMG_1663-1024x768.jpg\" alt=\"\" data-id=\"111\" data-full-url=\"https:\/\/blumen-bruns.de\/wp-content\/uploads\/2020\/04\/IMG_1663.jpg\" data-link=\"https:\/\/blumen-bruns.de\/?attachment_id=111\" class=\"wp-image-111\" srcset=\"https:\/\/blumen-bruns.de\/wp-content\/uploads\/2020\/04\/IMG_1663-1024x768.jpg 1024w, https:\/\/blumen-bruns.de\/wp-content\/uploads\/2020\/04\/IMG_1663-300x225.jpg 300w, https:\/\/blumen-bruns.de\/wp-content\/uploads\/2020\/04\/IMG_1663-768x576.jpg 768w, https:\/\/blumen-bruns.de\/wp-content\/uploads\/2020\/04\/IMG_1663-1536x1152.jpg 1536w, https:\/\/blumen-bruns.de\/wp-content\/uploads\/2020\/04\/IMG_1663.jpg 1980w\" sizes=\"auto, (max-width: 1024px) 100vw, 1024px\" \/><\/figure><\/li><li class=\"blocks-gallery-item\"><figure><img loading=\"lazy\" decoding=\"async\" width=\"1024\" height=\"768\" src=\"https:\/\/blumen-bruns.de\/wp-content\/uploads\/2020\/04\/IMG_1688-1024x768.jpg\" alt=\"\" data-id=\"113\" data-full-url=\"https:\/\/blumen-bruns.de\/wp-content\/uploads\/2020\/04\/IMG_1688.jpg\" data-link=\"https:\/\/blumen-bruns.de\/?attachment_id=113\" class=\"wp-image-113\" srcset=\"https:\/\/blumen-bruns.de\/wp-content\/uploads\/2020\/04\/IMG_1688-1024x768.jpg 1024w, https:\/\/blumen-bruns.de\/wp-content\/uploads\/2020\/04\/IMG_1688-300x225.jpg 300w, https:\/\/blumen-bruns.de\/wp-content\/uploads\/2020\/04\/IMG_1688-768x576.jpg 768w, https:\/\/blumen-bruns.de\/wp-content\/uploads\/2020\/04\/IMG_1688-1536x1152.jpg 1536w, https:\/\/blumen-bruns.de\/wp-content\/uploads\/2020\/04\/IMG_1688.jpg 1980w\" sizes=\"auto, (max-width: 1024px) 100vw, 1024px\" \/><\/figure><\/li><li class=\"blocks-gallery-item\"><figure><img loading=\"lazy\" decoding=\"async\" width=\"1024\" height=\"768\" src=\"https:\/\/blumen-bruns.de\/wp-content\/uploads\/2020\/04\/IMG_1667-1024x768.jpg\" alt=\"\" data-id=\"112\" data-full-url=\"https:\/\/blumen-bruns.de\/wp-content\/uploads\/2020\/04\/IMG_1667.jpg\" data-link=\"https:\/\/blumen-bruns.de\/?attachment_id=112\" class=\"wp-image-112\" srcset=\"https:\/\/blumen-bruns.de\/wp-content\/uploads\/2020\/04\/IMG_1667-1024x768.jpg 1024w, https:\/\/blumen-bruns.de\/wp-content\/uploads\/2020\/04\/IMG_1667-300x225.jpg 300w, https:\/\/blumen-bruns.de\/wp-content\/uploads\/2020\/04\/IMG_1667-768x576.jpg 768w, https:\/\/blumen-bruns.de\/wp-content\/uploads\/2020\/04\/IMG_1667-1536x1152.jpg 1536w, https:\/\/blumen-bruns.de\/wp-content\/uploads\/2020\/04\/IMG_1667.jpg 1980w\" sizes=\"auto, (max-width: 1024px) 100vw, 1024px\" \/><\/figure><\/li><li class=\"blocks-gallery-item\"><figure><img loading=\"lazy\" decoding=\"async\" width=\"1024\" height=\"768\" src=\"https:\/\/blumen-bruns.de\/wp-content\/uploads\/2020\/04\/IMG_9604-1024x768.jpg\" alt=\"\" data-id=\"114\" data-full-url=\"https:\/\/blumen-bruns.de\/wp-content\/uploads\/2020\/04\/IMG_9604.jpg\" data-link=\"https:\/\/blumen-bruns.de\/?attachment_id=114\" class=\"wp-image-114\" srcset=\"https:\/\/blumen-bruns.de\/wp-content\/uploads\/2020\/04\/IMG_9604-1024x768.jpg 1024w, https:\/\/blumen-bruns.de\/wp-content\/uploads\/2020\/04\/IMG_9604-300x225.jpg 300w, https:\/\/blumen-bruns.de\/wp-content\/uploads\/2020\/04\/IMG_9604-768x576.jpg 768w, https:\/\/blumen-bruns.de\/wp-content\/uploads\/2020\/04\/IMG_9604-1536x1152.jpg 1536w, https:\/\/blumen-bruns.de\/wp-content\/uploads\/2020\/04\/IMG_9604.jpg 1980w\" sizes=\"auto, (max-width: 1024px) 100vw, 1024px\" \/><\/figure><\/li><\/ul><\/figure>\n\n\n\n<figure class=\"wp-block-image size-large\"><img loading=\"lazy\" decoding=\"async\" width=\"1024\" height=\"768\" src=\"https:\/\/blumen-bruns.de\/wp-content\/uploads\/2020\/04\/IMG_1663-1-1024x768.jpg\" alt=\"\" class=\"wp-image-117\" srcset=\"https:\/\/blumen-bruns.de\/wp-content\/uploads\/2020\/04\/IMG_1663-1-1024x768.jpg 1024w, https:\/\/blumen-bruns.de\/wp-content\/uploads\/2020\/04\/IMG_1663-1-300x225.jpg 300w, https:\/\/blumen-bruns.de\/wp-content\/uploads\/2020\/04\/IMG_1663-1-768x576.jpg 768w, https:\/\/blumen-bruns.de\/wp-content\/uploads\/2020\/04\/IMG_1663-1-1536x1152.jpg 1536w, https:\/\/blumen-bruns.de\/wp-content\/uploads\/2020\/04\/IMG_1663-1.jpg 1980w\" sizes=\"auto, (max-width: 1024px) 100vw, 1024px\" \/><\/figure>\n\n\n\n<figure class=\"wp-block-image size-large\"><img loading=\"lazy\" decoding=\"async\" width=\"1024\" height=\"768\" src=\"https:\/\/blumen-bruns.de\/wp-content\/uploads\/2020\/04\/IMG_1667-1-1024x768.jpg\" alt=\"\" class=\"wp-image-118\" srcset=\"https:\/\/blumen-bruns.de\/wp-content\/uploads\/2020\/04\/IMG_1667-1-1024x768.jpg 1024w, https:\/\/blumen-bruns.de\/wp-content\/uploads\/2020\/04\/IMG_1667-1-300x225.jpg 300w, https:\/\/blumen-bruns.de\/wp-content\/uploads\/2020\/04\/IMG_1667-1-768x576.jpg 768w, https:\/\/blumen-bruns.de\/wp-content\/uploads\/2020\/04\/IMG_1667-1-1536x1152.jpg 1536w, https:\/\/blumen-bruns.de\/wp-content\/uploads\/2020\/04\/IMG_1667-1.jpg 1980w\" sizes=\"auto, (max-width: 1024px) 100vw, 1024px\" \/><\/figure>\n\n\n\n<figure class=\"wp-block-image size-large\"><img loading=\"lazy\" decoding=\"async\" width=\"1024\" height=\"768\" src=\"https:\/\/blumen-bruns.de\/wp-content\/uploads\/2020\/04\/IMG_1688-1024x768.jpg\" alt=\"\" class=\"wp-image-113\" srcset=\"https:\/\/blumen-bruns.de\/wp-content\/uploads\/2020\/04\/IMG_1688-1024x768.jpg 1024w, https:\/\/blumen-bruns.de\/wp-content\/uploads\/2020\/04\/IMG_1688-300x225.jpg 300w, https:\/\/blumen-bruns.de\/wp-content\/uploads\/2020\/04\/IMG_1688-768x576.jpg 768w, https:\/\/blumen-bruns.de\/wp-content\/uploads\/2020\/04\/IMG_1688-1536x1152.jpg 1536w, https:\/\/blumen-bruns.de\/wp-content\/uploads\/2020\/04\/IMG_1688.jpg 1980w\" sizes=\"auto, (max-width: 1024px) 100vw, 1024px\" \/><\/figure>\n","protected":false},"excerpt":{"rendered":"<p>In dieser schweren Stunde stehen wir Ihnen durch pers\u00f6nliche Beratung zu Seite. Setzen Sie sich telefonisch mit uns in Kontakt oder besuchen Sie uns im Laden. Unsere langj\u00e4hrige Erfahrung und<\/p>\n<p>\n                <span class=\"glyphicon glyphicon-arrow-right\"><a title=\"Continue reading\" href=\"https:\/\/blumen-bruns.de\/?page_id=96\">Continue reading<\/a><\/span><\/p>\n","protected":false},"author":1,"featured_media":0,"parent":0,"menu_order":0,"comment_status":"closed","ping_status":"closed","template":"","meta":{"footnotes":""},"class_list":["post-96","page","type-page","status-publish","hentry"],"_links":{"self":[{"href":"https:\/\/blumen-bruns.de\/index.php?rest_route=\/wp\/v2\/pages\/96","targetHints":{"allow":["GET"]}}],"collection":[{"href":"https:\/\/blumen-bruns.de\/index.php?rest_route=\/wp\/v2\/pages"}],"about":[{"href":"https:\/\/blumen-bruns.de\/index.php?rest_route=\/wp\/v2\/types\/page"}],"author":[{"embeddable":true,"href":"https:\/\/blumen-bruns.de\/index.php?rest_route=\/wp\/v2\/users\/1"}],"replies":[{"embeddable":true,"href":"https:\/\/blumen-bruns.de\/index.php?rest_route=%2Fwp%2Fv2%2Fcomments&post=96"}],"version-history":[{"count":4,"href":"https:\/\/blumen-bruns.de\/index.php?rest_route=\/wp\/v2\/pages\/96\/revisions"}],"predecessor-version":[{"id":119,"href":"https:\/\/blumen-bruns.de\/index.php?rest_route=\/wp\/v2\/pages\/96\/revisions\/119"}],"wp:attachment":[{"href":"https:\/\/blumen-bruns.de\/index.php?rest_route=%2Fwp%2Fv2%2Fmedia&parent=96"}],"curies":[{"name":"wp","href":"https:\/\/api.w.org\/{rel}","templated":true}]}}